vative of 8*x - 3*x**2 - 1/6*x**3 + 0. Determine i(-5).
-1
Let q(f) = -5*f - 3. Let d(i) = i**3 - 3*i**2 - 10*i - 2. Let x be d(5). What is q(x)?
7
Let h(f) = -f**3 + 10*f - 7*f**2 + 16*f + 16*f - 59*f - 1 + 15*f. Give h(-6).
-25
Let h = 1 + 1. Let v(n) = -2*n + 0*n + 4*n**2 + n - 1 + h. Let x(f) = -f**2 + 7*f - 5. Let p be x(6). Calculate v(p).
4
Let i = 64 + -67. Let a be (-6)/(1 + 0/i). Let n(b) = b + 10. What is n(a)?
4
Let g(v) = -5*v - 4 - 2 + 4 + 4 + 5 - v**2. Determine g(-5).
7
Let b(v) = 9 + 2 - 10 - 6 + 3*v. Calculate b(3).
4
Let o(a) = a**2 + 4*a - 7. Suppose -11 = -19*f - 106. Determine o(f).
-2
Let q(i) = 3*i + 4. Let t(u) = 7*u + 4*u - 9 + 1 + u**2. Let m be t(-13). Suppose -j - 2*j = m. What is q(j)?
-14
Let m(u) be the second derivative of u**4/12 + 5*u**3/6 - 3*u**2 + u. Let s = 69 + -162. Let z = s - -88. Give m(z).
-6
Let w be 2/((5 - 2)/195). Let b(k) = 135 - 2*k - w + 0*k. Calculate b(6).
-7
Suppose 35*u - 2*u = 99. Let j(w) be the third derivative of -1/3*w**u + 1/60*w**5 + 0*w - 4*w**2 + 0 + 1/8*w**4. Determine j(-5).
8
Let k(s) = -5 - 4 + s**2 - 8*s**2 + 6*s**2 - 10*s. Calculate k(-10).
-9
Let w = -482 + 474. Let f(x) = -x**3 - 6*x**2 + 21*x + 32. What is f(w)?
-8
Let b(j) = 1. Let k(u) = 5*u + 4. Let v(c) = 6*b(c) + k(c). Give v(-7).
-25
Let k(c) = -c**3 - 10*c**2 - 10*c - 7. Let x be k(-9). Suppose o = x*o - 6. Suppose 0 = -4*a + 2*a + o. Let m(z) = z**3 - 4*z**2 + 2*z. Give m(a).
-3
Let o(u) be the second derivative of -u**8/6720 + u**7/840 + u**6/144 - u**5/120 - u**4/4 - 7*u. Let m(h) be the third derivative of o(h). Calculate m(4).
3
Suppose -3*m + 9 = 4*y - 15, -2*m = -y - 5. Suppose -y*s = 3*f - 3, 2 = 2*f - 2*s + 3*s. Let j(d) = 19*d**2 - d. Determine j(f).
18
Let m be 8/(-10)*(6 - 16). Let q be m/(-12) - 5/(-3). Let n(y) = -5*y. Determine n(q).
-5
Let p(d) = -2*d - 5. Suppose 2*j - 36 = 2*w, -2*w - 2*j = 39 + 5. Let g = -25 - w. Calculate p(g).
5
Suppose -10 - 20 = 6*m. Let z(w) = -4*w**2 + 2*w**2 - 1 + w + 3*w**2 + 3*w. Determine z(m).
4
Suppose -9*w + 500 = w. Let d = 58 - w. Let i(l) = -3*l**2 - 7*l - 22. Let c(h) = -h**2 - 4*h - 11. Let v(f) = 5*c(f) - 2*i(f). Determine v(d).
5
Let d(b) = -2*b**2 - 2*b - 3. Let m(q) = q**2 + 12*q + 30. Let w be m(-8). What is d(w)?
-7
Suppose 0 = 5*f + 25, t + 5*f = -12 - 11. Let i(d) = -d + d**2 - 2*d + t + 0*d**2. Suppose 4*k = y - 0*k - 8, 4*y - 3*k = 19. What is i(y)?
6
Let q(s) = -1 - 15 - 27*s**2 - 12*s + 28*s**2. Calculate q(14).
12
Let c(p) be the second derivative of 1/20*p**5 - p**2 - 17*p + 0*p**3 + 0 + 1/12*p**4. Calculate c(-2).
-6
Let h(c) = -134*c - 130*c - 134*c + 397*c + 1. Give h(-12).
13
Let r = -211 + 217. Let g(l) = l**3 - 6*l**2 + 5. Give g(r).
5
Let n(j) = -j**2 - 6*j - 6. Let z be n(-3). Let t(p) = -85*p - z + 2 + 84*p. Determine t(0).
-1
Let z(f) = 433*f**3 + 4*f**2 - f - 431*f**3 - 2*f**2. Let j = -1 + 2. Calculate z(j).
3
Let k(o) be the second derivative of o**6/360 + o**5/20 + o**4/6 + 7*o**3/6 - 3*o. Let n(v) be the second derivative of k(v). What is n(-3)?
-5
Let w(s) = s**2 - 2*s + 1. Let t be 2/3*333/222. What is w(t)?
0
Let g(d) be the second derivative of -d**5/20 + d**4/3 + 2*d**3/3 - 3*d**2 + 39*d. Determine g(4).
10
Let t(g) = -12*g + 5. Let h(c) = 6*c - 2. Let i(s) = -7*h(s) - 3*t(s). Let z be 1/(((-27)/(-6))/(-9)). Let r be z/((-3 + 1)*(-1)/1). Determine i(r).
5
Let g(y) = 3*y**2 + 2*y - 2. Let m = -89 - -87. Determine g(m).
6
Suppose 20 = -3*f + 7*f. Suppose 0 = 5*k + f + 5. Let r(a) be the first derivative of a**3/3 - a**2 - 3*a - 14. Determine r(k).
5
Let k(y) = -3*y**3 + 2*y**2 - y. Let t(a) = a**3 - a + 1. Let d(z) = k(z) - t(z). Let w = 15 - 10. Suppose h - w = 6*h. Give d(h).
5
Let a(p) = 3*p**3 - 20*p**2 - 7*p + 2. Let j be a(7). Let f(s) = 6*s - 5. Determine f(j).
7
Let u = -28 + 24. Let m be (12/14)/(u/(-14)). Let a(i) = 2 + 5 + m - 3 - i. Determine a(6).
1
Let u(a) be the second derivative of a**3/3 + 9*a**2/2 + a. Let d(o) = -o**2 + 6*o + 20. Let l be d(9). Determine u(l).
-5
Let l(z) = -6*z**3 - 24*z**2 + 9*z + 1. Let h(q) = -q**3 - 5*q**2 + 2*q. Let s(g) = 11*h(g) - 2*l(g). Give s(6).
-14
Let z be -2 + -2 + 1*20. Let p be (-12)/z*4/(-1). Let x(m) = 2*m**2 - 4*m + 6. Let t(w) = -5*w**2 + 9*w - 12. Let b(d) = p*t(d) + 7*x(d). Give b(-5).
-14
Let h(k) be the second derivative of k**5/20 - 5*k**4/6 + k**3/6 - 3*k**2 + 39*k + 5. Determine h(10).
4
Suppose 4*i - 10 = 2*i + 4*h, -2*i = 2*h - 4. Let z(t) = 6*t**3 + 1 + t - 9*t**i - t**3 - 8*t**3. What is z(-1)?
12
Let d(u) be the second derivative of 2/3*u**4 - 1/6*u**3 + 4*u + 5/2*u**2 + 0. Let t(o) = 17*o**2 - 3*o + 11. Let g(f) = -9*d(f) + 4*t(f). What is g(-2)?
-11
Let g(n) be the second derivative of -n**3/6 - 5*n**2 - 366*n. What is g(-8)?
-2
Let j be (168/70)/(4/(-40)*4). Let s(z) = -2*z**3 + 5*z**2 - 6*z - 2. Let a(t) = t**3. Let o(l) = 3*a(l) + s(l). Give o(j).
-2
Let v(y) = -7 + 5*y - 4*y + 3. Let j be 30/(-45) + 2/(-6). Let u be -1 - j*9/(-3). Give v(u).
-8
Let z(a) = 54*a + 7*a**2 - 106*a - 8 + 51*a. Let j(p) = -13*p**2 + p + 15. Let c(u) = -6*j(u) - 11*z(u). What is c(-4)?
-6
Let v(y) = y**3 - 4*y**2 + y + 1. Suppose 4*j = -o + j + 87, -483 = -5*o - 3*j. Let w = o - 96. What is v(w)?
-5
Let r(k) = k + 1. Let a be (-142)/(-7) - (-2)/(-7). Suppose 0 = 2*x + 2*x - a. Suppose 9 + 6 = -x*y. Determine r(y).
-2
Let r(q) = -q + q**3 - 5*q**3 + 6*q**3 - 10*q**2 - 2 - 5*q**3 + 2*q**3. Calculate r(-10).
8
Let m(g) be the third derivative of 0*g + 5/6*g**3 + 1/12*g**4 + 8*g**2 + 0. Give m(-6).
-7
Let h(z) be the second derivative of z**4/24 - 4*z**3/3 + 6*z**2 + 3*z. Let j(k) be the first derivative of h(k). What is j(8)?
0
Let b(o) = o. Let z be b(-2). Let u(h) = 12*h + 2. Calculate u(z).
-22
Let d(w) = 7*w**3 - 4*w**2 + 2*w - 4. Let p = -8 - -2. Let o(k) = -8*k**3 + 4*k**2 - 2*k + 4. Suppose 0*t + 5*t + 35 = 0. Let q(m) = p*o(m) + t*d(m). Give q(4).
-4
Suppose 8 = 2*w + w - t, t = w - 4. Let a(z) = -30*z**3 + z + w*z**2 + 36*z**3 + 0*z**2. Give a(-1).
-5
Let p(s) = -s**2 - 18*s - 5. Let d = 128 - 146. Determine p(d).
-5
Let x(c) = -11*c. Let i(h) = 33*h. Let u(w) = 4*i(w) + 11*x(w). Suppose 0 = 13*l + 54*l - 134. Give u(l).
22
Let p(l) = 2*l + 11. Let f = -389 - -381. Give p(f).
-5
Let r = 775 - 772. Let n(o) = -o**2 + 2. Calculate n(r).
-7
Let s = -5 + 12. Suppose 9 = 3*i - 3*f, 2*f = s*f. Let n = i + -9. Let u(m) = -m**3 - 5*m**2 + 8*m + 6. Calculate u(n).
-6
Let m = -3 - -3. Let r = 49 + -27. Let i(u) = 4*u**3 - r - u**2 + 14 - 3*u**3. Determine i(m).
-8
Let t be 3/(-9) + 10/(-6). Let b(k) = -k**2 + 7*k**2 + 2*k + k**2 - 5. Let f(o) = 6*o**2 + 2*o - 4. Let i(h) = 4*b(h) - 5*f(h). What is i(t)?
-4
Let s(j) = -6*j**2 + 9*j + 6. Let c(g) be the first derivative of -5*g**3/3 + 4*g**2 + 5*g - 33. Let o(w) = -7*c(w) + 6*s(w). What is o(-2)?
1
Let p(y) be the third derivative of -y**6/120 - y**5/12 - 5*y**4/24 + 15*y**2. Let x be (9/4)/((-3)/8). Let u = -10 - x. Calculate p(u).
4
Let l(z) = z**2 + z - 7. Suppose -43*k = -51*k - 40. Determine l(k).
13
Suppose 115 = 4*y + 5*g, 5*g + 0 = y - 10. Let s be (-10)/y + 74/10. Let d(p) = -3*p - 4. Calculate d(s).
-25
Let m be (-3 + (-7)/(-2))*(2 + 64). Let v(w) = 4*w - 3*w + w + m - 32. What is v(-4)?
-7
Let q(f) = -5*f + 22. Let x be q(4). Let a(h) = 2 - 3 - 1 - x + 2*h - h**2. Give a(4).
-12
Let p(c) = -3*c. Suppose 2*g - 5*z - 3 = -0*g, -4*z - 20 = 0. Let f = -6 - g. Let t be (-15)/f + 1*5. Calculate p(t).
-6
Let n(u) = -u**3 + 6*u**2 + 18*u - 8. Let v be n(8). Let m(g) = -4*g + 1. Give m(v).
-31
Let m(q) = q**2 - 1. Let b be 18/(-10) + 2/(-10). Let k = 2 + b. What is m(k)?
-1
Let o(m) = -m + 3. Suppose 448 = -4*n - 2*v, -2*v - 236 = 2*n - 4*v. Let x = 107 + n. Give o(x).
10
Let c(k) = k. Let z = -1884 + 1890. Determine c(z).
6
Let j(l) be the first derivative of 3*l - 3 + 2*l**2 + 1/3*l**3. Let u be 12/(-5)*(-10)/40*-5. Give j(u).
0
Suppose 2*y + 28 = 4*w - 2*y, 0 = -4*w - 5*y - 8. Suppose 0 = -11*m + 12*m - w. Let d(f) = -f - 1 - 2*f - f + m*f - 9*f**2. Determine d(-1).
-9
Let v be 7 + (-297)/44 + 5/(-4). Let m(c) = -9*c**2 - 1. Calculate m(v).
-10
Let w(o) = -o**3 - o**2 + 6. Let j(v) = v**2 + 8*v + 12. Suppose -11 = 5*s + 19. Let g be j(s). What is w(g)?
6
Let u(x) = -x - 1. Let o be ((-2)/1 - -1)/((-4)/(-20)). Determine u(o)